er when 1452 is divided by 40.
12
Calculate the remainder when 232 is divided by 12.
4
What is the remainder when 49 is divided by 20?
9
What is the remainder when 111 is divided by 38?
35
Calculate the remainder when 1969 is divided by 14.
9
Calculate the remainder when 1518 is divided by 19.
17
What is the remainder when 303 is divided by 16?
15
Calculate the remainder when 4676 is divided by 468.
464
Calculate the remainder when 750 is divided by 50.
0
Calculate the remainder when 987 is divided by 476.
35
What is the remainder when 43 is divided by 42?
1
Calculate the remainder when 967 is divided by 180.
67
Calculate the remainder when 185 is divided by 7.
3
Calculate the remainder when 4304 is divided by 35.
34
What is the remainder when 651 is divided by 203?
42
Calculate the remainder when 277 is divided by 46.
1
What is the remainder when 2387 is divided by 61?
8
What is the remainder when 130 is divided by 27?
22
Calculate the remainder when 2174 is divided by 109.
103
What is the remainder when 430 is divided by 70?
10
What is the remainder when 8511 is divided by 112?
111
Calculate the remainder when 51868 is divided by 182.
180
What is the remainder when 185 is divided by 83?
19
Calculate the remainder when 2722 is divided by 52.
18
Calculate the remainder when 76 is divided by 20.
16
Calculate the remainder when 20876 is divided by 26.
24
Calculate the remainder when 141 is divided by 44.
9
Calculate the remainder when 515 is divided by 14.
11
What is the remainder when 75 is divided by 5?
0
Calculate the remainder when 64 is divided by 23.
18
What is the remainder when 834 is divided by 21?
15
Calculate the remainder when 1156 is divided by 170.
136
Calculate the remainder when 128 is divided by 34.
26
Calculate the remainder when 734 is divided by 504.
230
What is the remainder when 109 is divided by 10?
9
Calculate the remainder when 1592 is divided by 20.
12
What is the remainder when 613 is divided by 23?
15
Calculate the remainder when 8259 is divided by 2752.
3
What is the remainder when 582 is divided by 22?
10
Calculate the remainder when 9312 is divided by 15.
12
Calculate the remainder when 1524 is divided by 139.
134
Calculate the remainder when 310 is divided by 26.
24
Calculate the remainder when 91 is divided by 46.
45
What is the remainder when 1043 is divided by 95?
93
What is the remainder when 4229 is divided by 352?
5
What is the remainder when 161 is divided by 67?
27
Calculate the remainder when 637 is divided by 11.
10
What is the remainder when 91 is divided by 2?
1
Calculate the remainder when 220 is divided by 58.
46
What is the remainder when 772 is divided by 43?
41
What is the remainder when 110 is divided by 71?
39
What is the remainder when 72 is divided by 20?
12
What is the remainder when 76 is divided by 53?
23
What is the remainder when 202 is divided by 30?
22
Calculate the remainder when 9482 is divided by 17.
13
Calculate the remainder when 2175 is divided by 198.
195
Calculate the remainder when 102 is divided by 8.
6
Calculate the remainder when 13245 is divided by 12.
9
What is the remainder when 58 is divided by 37?
21
Calculate the remainder when 1082 is divided by 3.
2
What is the remainder when 286 is divided by 135?
16
Calculate the remainder when 2682 is divided by 69.
60
Calculate the remainder when 180 is divided by 35.
5
Calculate the remainder when 191 is divided by 59.
14
Calculate the remainder when 1287 is divided by 63.
27
Calculate the remainder when 279 is divided by 40.
39
Calculate the remainder when 543 is divided by 144.
111
What is the remainder when 2126 is divided by 351?
20
Calculate the remainder when 5367 is divided by 283.
273
Calculate the remainder when 3791 is divided by 60.
11
Calculate the remainder when 117 is divided by 64.
53
What is the remainder when 388 is divided by 131?
126
What is the remainder when 266 is divided by 90?
86
Calculate the remainder when 192 is divided by 46.
8
What is the remainder when 90 is divided by 39?
12
What is the remainder when 398 is divided by 25?
23
What is the remainder when 530 is divided by 68?
54
Calculate the remainder when 101 is divided by 30.
11
Calculate the remainder when 30 is divided by 3.
0
Calculate the remainder when 257 is divided by 38.
29
Calculate the remainder when 534 is divided by 107.
106
Calculate the remainder when 157 is divided by 18.
13
What is the remainder when 3515 is divided by 1755?
5
What is the remainder when 364 is divided by 141?
82
Calculate the remainder when 3478 is divided by 29.
27
What is the remainder when 172 is divided by 149?
23
What is the remainder when 866 is divided by 174?
170
What is the remainder when 1532 is divided by 7?
6
Calculate the remainder when 201 is divided by 30.
21
Calculate the remainder when 295 is divided by 108.
79
What is the remainder when 246 is divided by 86?
74
Calculate the remainder when 3686 is divided by 31.
28
Calculate the remainder when 68 is divided by 5.
3
Calculate the remainder when 935 is divided by 43.
32
Calculate the remainder when 390 is divided by 197.
193
What is the remainder when 164 is divided by 88?
76
What is the remainder when 102 is divided by 4?
2
Calculate the remainder when 379 is divided by 125.
4
Calculate the remainder when 2234 is divided by 70.
64
What is the remainder when 398 is divided by 8?
6
Calculate the remainder when 1956 is divided by 1938.
18
What is the remainder when 224 is divided by 19?
15
What is the remainder when 2203 is divided by 76?
75
Calculate the remainder when 280 is divided by 59.
44
What is the remainder when 3524 is divided by 14?
10
What is the remainder when 43 is divided by 11?
10
What is the remainder when 56 is divided by 28?
0
Calculate the remainder when 244 is divided by 69.
37
What is the remainder when 246 is divided by 10?
6
What is the remainder when 638 is divided by 40?
38
What is the remainder when 14 is divided by 12?
2
Calculate the remainder when 1052 is divided by 174.
8
What is the remainder when 85 is divided by 81?
4
What is the remainder when 239 is divided by 28?
15
What is the remainder when 1623 is divided by 14?
13
Calculate the remainder when 107 is divided by 61.
46
What is the remainder when 13 is divided by 2?
1
What is the remainder when 148 is divided by 92?
56
What is the remainder when 329 is divided by 86?
71
What is the remainder when 16818 is divided by 20?
18
What is the remainder when 216 is divided by 84?
48
Calculate the remainder when 614 is divided by 41.
40
What is the remainder when 454 is divided by 19?
17
What is the remainder when 69 is divided by 17?
1
What is the remainder when 747 is divided by 188?
183
What is the remainder when 103 is divided by 35?
33
What is the remainder when 107 is divided by 11?
8
Calculate the remainder when 106 is divided by 24.
10
Calculate the remainder when 357 is divided by 11.
5
What is the remainder when 1671 is divided by 27?
24
What is the remainder when 571 is divided by 70?
11
Calculate the remainder when 141 is divided by 70.
1
What is the remainder when 111 is divided by 69?
42
What is the remainder when 268 is divided by 27?
25
Calculate the remainder when 6694 is divided by 216.
214
What is the remainder when 390 is divided by 97?
2
What is the remainder when 681 is divided by 12?
9
Calculate the remainder when 7 is divided by 4.
3
What is the remainder when 1938 is divided by 1933?
5
Calculate the remainder when 73 is divided by 22.
7
Calculate the remainder when 205 is divided by 13.
10
What is the remainder when 298 is divided by 15?
13
What is the remainder when 767 is divided by 194?
185
Calculate the remainder when 26 is divided by 6.
2
Calculate the remainder when 28 is divided by 4.
0
What is the remainder when 152 is divided by 39?
35
Calculate the remainder when 269 is divided by 34.
31
Calculate the remainder when 98 is divided by 17.
13
Calculate the remainder when 1138 is divided by 1135.
3
What is the remainder when 198 is divided by 26?
16
Calculate the remainder when 48 is divided by 9.
3
Calculate the remainder when 2822 is divided by 113.
110
What is the remainder when 503 is divided by 36?
35
Calculate the remainder when 299 is divided by 15.
14
Calculate the remainder when 